te the greatest common factor of 279 and p.
31
Let r = -316 + 367. What is the greatest common divisor of 255 and r?
51
Let j be 5 - (-3)/(-5 + 126/25). Calculate the highest common factor of 1260 and j.
20
Let k be 11*-2 + (-3 - 1). Let z be (k/4 - 2)*(-16)/4. What is the highest common factor of z and 17?
17
Suppose 4*w + 405 = 5*r - 343, -5*w = -5*r + 750. Calculate the greatest common divisor of r and 5143.
37
Suppose -903 + 139 = -4*c - z, 16 = 4*z. Calculate the greatest common divisor of 874 and c.
38
Let n be ((-80)/6 - -2)*3. Let y = n - -30. Let w = y + 37. Calculate the highest common factor of w and 132.
33
Let c be -10 + 0 - 32/(-8). Let h be 2/c + (1 - (-88)/12). Let x(v) = -v**3 - v**2 - v + 12. Let z be x(0). What is the highest common divisor of h and z?
4
Let d(a) = 7*a**3 + 10*a**2 - 65*a + 20. Let p be d(5). Calculate the greatest common factor of 140 and p.
20
Suppose -1 = 5*r - 21. Suppose -r*b + 5 = -o, -2*o = -4*b + 13 - 3. Suppose -21*w + 11*w + 330 = b. Calculate the greatest common factor of w and 33.
33
Suppose 7 = -6*h - 41. Let l be (-12)/h + 870/20. Let f(m) = -11*m - 3. Let x be f(-3). Calculate the greatest common divisor of l and x.
15
Let p(a) = a**3 + 65*a**2 + 60*a - 1448. Let h be p(-62). Calculate the highest common factor of 444 and h.
148
Let j be 84/(-10) - (-24)/60. Let q(i) = -6*i - 45. Let w be q(j). Suppose -3*r + w*v + 2*v = -72, 4*v + 31 = r. What is the highest common factor of 171 and r?
19
Suppose -a = 5, 0 = h - 4*a - 37 + 10. Suppose -4*k + 4*m + 516 = 0, -5*k + 7*m = 12*m - 685. What is the highest common divisor of k and h?
7
Let c = 3 - -4. Suppose 0 = -3*v + c*v - 224. Let f = -31258 - -31272. What is the highest common divisor of f and v?
14
Let z be ((-2)/(((-8)/(-12))/1))/(-1). Let b be 2/45*z + (-52)/(-60). Let v(q) = 3*q - 15. Let n be v(8). Calculate the greatest common factor of n and b.
1
Let r be 17 + (0 - -258) + -30. Let a be ((-98)/(-8))/7*84. Calculate the highest common divisor of r and a.
49
Suppose 30*q + 321 - 478 = 863. Calculate the greatest common divisor of 11458 and q.
34
Let w(i) = 6*i**2 + 67*i + 439. Let c be w(-6). What is the greatest common divisor of 161 and c?
23
Let y(w) = 40*w + 66. Let i be y(-21). Let u = i + 796. Calculate the highest common factor of 858 and u.
22
Suppose -4*v = -36 - 36. Suppose -3*d + 6 = -2*o, 3*d - o - 8 = 1. Suppose -4*b = -d*y - 28, v - 3 = 3*y. Calculate the greatest common factor of b and 12.
12
Suppose 12*t = -87*t + 45777 + 42234. Let h(s) = s**2 + s - 5. Let n be h(-4). Calculate the greatest common factor of t and n.
7
Let f be ((-34)/6)/((-2)/6). Suppose 0 = -5*n + n + 8. Suppose -f - 130 = -n*q - z, -3*q - z = -222. What is the highest common divisor of 25 and q?
25
Suppose -956*r + 942*r + 19208 = 0. Calculate the highest common factor of 28 and r.
28
Let r = -7 - -20. Let o = 11087 - 11061. What is the greatest common factor of r and o?
13
Let t = 103 - 109. Let b be t + (-19)/((-38)/24). What is the greatest common factor of b and 69?
3
Suppose 5*l - 25 = -2*g, l = -7*g + 12*g + 5. Suppose 392 = 5*w - l*f + 7*f, 2*f - 2 = 0. Calculate the highest common factor of 24 and w.
6
Let g = -200 - -200. Suppose -13*v + 1598 + 261 = g. What is the highest common divisor of 33 and v?
11
Let x(l) = 7*l - 44. Let u be x(7). Suppose 3*h + u*t = 40, 0*h - 5*t - 10 = -2*h. Calculate the greatest common factor of h and 170.
10
Suppose -272089 = 22*o - 45*o + 37767. Calculate the highest common factor of 32 and o.
32
Let j be 2*2 + (-5532 - -1)/(-9 - -8). Calculate the greatest common factor of j and 205.
205
Let f = -2808 + 3508. Calculate the greatest common factor of 3 and f.
1
Let u(o) = 388*o + 5677. Let z be u(-14). Calculate the greatest common divisor of 665 and z.
35
Let m = -12483 + 12505. What is the greatest common factor of m and 1617?
11
Suppose -27*w - 13*w = -728 - 952. Calculate the greatest common divisor of w and 2814.
42
Suppose 3*r + 404 + 175 = 5*d, -5*r - 243 = -2*d. Calculate the greatest common factor of 741 and d.
57
Let x = -515 - -45. Let j = 1206 + x. Calculate the highest common factor of 23 and j.
23
Let h(u) = 65*u - 150. Let o be h(3). Calculate the highest common divisor of o and 1545.
15
Suppose -591*r + 585*r + 294 = 0. Calculate the highest common divisor of r and 5243.
49
Let a(s) = -s + 8. Let v be a(4). Let x be (-188)/(-4) + 4 + (7 - v). What is the highest common divisor of x and 18?
18
Let c(f) = f**2 - 10*f - 17. Let n = 28 - -12. Let q = -28 + n. Let w be c(q). What is the greatest common divisor of 1 and w?
1
Let h be 0 + (-1 + -285)/(-2). Suppose -18*z = -16*z - 8. Let a be z/((-12)/(-39))*1. What is the greatest common divisor of h and a?
13
Let c(b) be the third derivative of 5/6*b**3 + 0*b + 5/8*b**4 - 26*b**2 + 0. Let u be c(2). What is the greatest common divisor of 21 and u?
7
Let b(p) = -7*p + 77. Let l be b(10). Let k be l/(((-28)/105)/(-4)). What is the greatest common factor of 6 and k?
3
Suppose -80*j + 10094 - 3934 = 0. Let c(w) = -w + 3. Let p be c(-4). Calculate the highest common divisor of j and p.
7
Suppose -4*x + 396 = 68. Let g = x - 42. Suppose -227 = d - 547. Calculate the greatest common factor of g and d.
40
Let w = 6983 + -3948. Calculate the highest common divisor of 10 and w.
5
Suppose -o + 4*o = 624. Let x = -161 - -161. Suppose -19*d + 23*d - o = x. What is the greatest common divisor of 26 and d?
26
Suppose -5*j + 278 = g, j - 2*g - 27 = 33. Calculate the highest common factor of j and 259.
7
Suppose -701 = -36*g - 40 + 9275. Calculate the greatest common divisor of g and 437.
23
Suppose -3*y - 11872 = -5*f - 0*f, 0 = -f - 2*y + 2377. Calculate the highest common divisor of f and 175.
25
Let k be ((-45)/60)/(-2 - (-4341)/2172). Suppose 184 + 8 = d + 4*h, -h = 3*d - k. What is the highest common divisor of 54 and d?
18
Suppose 3*s + p = 56, s + p = -3*s + 74. Suppose -85*b - 60*b = -27*b - 40356. What is the greatest common divisor of b and s?
18
Let l = 2678 + -2582. Calculate the highest common factor of l and 7008.
96
Suppose 2*r + 5*w - 7*w = 580, 4*r = 5*w + 1155. Let b = r - 271. What is the greatest common divisor of 8 and b?
8
Let w(m) = 7*m**2 - 15*m + 42. Let n be w(3). Calculate the highest common factor of 324 and n.
12
Let o = 269 - 120. Suppose -33*d - 1156 = -16*d. Let l = o + d. What is the greatest common factor of l and 9?
9
Suppose -3*b + 10 = 2*b + 5*k, -3*b + 6 = k. Let l(j) = 2*j**3 - 26*j**2 + 142*j - 2371. Let x be l(14). Calculate the greatest common factor of x and b.
1
Let i be (14/(-3))/(-2)*33. Let h be (-10)/(-120)*-8*441/(-6). Suppose 31*u - h*u + 396 = 0. What is the greatest common factor of i and u?
11
Let a(j) = -10*j - 17. Let x be a(-5). Let t = 874 - 775. What is the greatest common factor of t and x?
33
Let m = 2819 + -2809. What is the greatest common factor of 92 and m?
2
Suppose 140*q - 145*q = -3*j + 3683, -5*q - 1241 = -j. What is the highest common factor of 22 and j?
11
Let b(l) = 3*l**2 - 5*l - 26. Let w be b(-3). Suppose 2*z = w*z - 182. Calculate the highest common divisor of 65 and z.
13
Suppose -21*g - 8*g = -0*g - 8265. What is the highest common factor of g and 240?
15
Let g = -8869 - -8889. Calculate the highest common factor of 620 and g.
20
Let r = -2801 + 6222. Calculate the highest common factor of 11 and r.
11
Let l(j) = 2*j**2 + 57*j + 501. Let m be l(-13). Calculate the greatest common divisor of 3038 and m.
98
Suppose 0 = -5*u - 5*o + 1685, -26*o + 23*o = u - 347. Calculate the highest common divisor of 830 and u.
166
Suppose 5*s - 3*w - 105 = 0, 134*s - 130*s - 4*w - 76 = 0. What is the highest common factor of s and 236?
4
Suppose 0 = -v - 0*v + 182. Let m(s) = -3*s + 38. Let o be m(11). Suppose -o*h - 3*f = -127, -h + 2*f + 22 = -6. What is the highest common factor of h and v?
26
Suppose -n - 16578 = -86*o + 81*o, 4*n - 13248 = -4*o. What is the highest common factor of o and 120?
15
Let x(h) = -34*h**3 - 9*h**2 - 39*h - 74. Let g be x(-3). What is the greatest common factor of 90 and g?
10
Suppose -4*j + 66 - 11 = -1. Let g be 8/6*(-6)/(-4). What is the greatest common factor of g and j?
2
Let q = 368 + 14. Let h = 422 - q. Calculate the highest common factor of h and 640.
40
Let c = -9853 -